e -o*t - 2*l - 4 = -2, 0 = -5*t + 2*l + 2. Suppose t*d = 4*d - 36. What are the prime factors of d?
3
Let d(y) = y**3 - 8*y**2 + 5*y - 4. Let f be (13 - -2)/(6 + -7). Let h = 23 + f. What are the prime factors of d(h)?
2, 3
List the prime factors of (-9)/(-5) + -2 - (-4452)/10.
5, 89
Let h be -3*6/(-45)*10. Suppose -d = -h*t - 132, d + 4*t - 288 = -d. Suppose -2*o = 3*o - d. What are the prime factors of o?
2, 7
Let y(t) = 10*t**3 + 21*t**2 + 32*t - 9. Let x(u) = 4*u**3 + 7*u**2 + 11*u - 3. Let g(h) = 8*x(h) - 3*y(h). What are the prime factors of g(6)?
3, 5
Let x = -60 - -60. Let d = -125 + 231. Suppose x*f - 5*s - 26 = -f, 5*f - s - d = 0. What are the prime factors of f?
3, 7
Let m = -7 - -8. Suppose -13 = -3*w - m. Suppose 0 = -4*g + 8, 5*g = w*f + f - 85. List the prime factors of f.
19
Let u(k) = 597*k - 453. What are the prime factors of u(3)?
2, 3, 223
Suppose g + 382 + 266 = 0. Let p = 1096 + g. What are the prime factors of (p/48)/(2/3)?
2, 7
Let r(g) = 14*g - 21. Suppose 0 = -0*n - 2*n + 18. What are the prime factors of r(n)?
3, 5, 7
Let s = -9 - -145. Let j = 291 - s. What are the prime factors of j?
5, 31
Suppose 531 = -0*q + 9*q. Suppose 3*w + 2*t = 577, -t + q - 1012 = -5*w. What are the prime factors of w?
191
Let m = 2701 - 1660. List the prime factors of m.
3, 347
Suppose 3*b = j + 5 + 1, 4*j - 5*b + 3 = 0. List the prime factors of 132/(j - (-3)/(-2)).
2, 11
Suppose 15*u + 788 = 17*u - 3*q, 3*q = 3*u - 1176. List the prime factors of u.
2, 97
Let j(c) = -c + 21. Suppose -s = -4*s. Let u be j(s). What are the prime factors of (-8)/4 + u + 3?
2, 11
Suppose a - 5*l = -9, 5*a = -4*l + 3*l + 7. Suppose -5*p + 25 = 0, 3*w - 2*w = 5*p - 36. What are the prime factors of w/a*3/(-3)?
11
Suppose -5*b + 956 = 4*n, -3*n + n = 4*b - 766. What are the prime factors of b?
2, 3
Suppose -a - 258 = -2*c + 3*a, 669 = 5*c - 4*a. What are the prime factors of c?
137
Let v(m) = -m - 1. Let i(j) = 5*j + 26. Let u(t) = i(t) + v(t). What are the prime factors of u(6)?
7
Suppose 4*a - 9250 = 5*y, -3*a + 1255 + 5688 = -y. List the prime factors of a.
5, 463
Let c(r) be the first derivative of -2 + 21/4*r**4 - 1/3*r**3 - 1/2*r**2 + r. What are the prime factors of c(1)?
2, 5
Suppose -c = -5*c - 5*i + 32, -3*c + i = -43. Suppose 0 = -c*n + 19*n - 276. What are the prime factors of n?
2, 23
Suppose -5*h + 1737 - 92 = 0. Suppose -a + h = 56. List the prime factors of a.
3, 7, 13
Let h(g) = -2*g - 3. Let t be h(-5). Suppose t*p - 460 = 513. What are the prime factors of p?
139
Let j(n) = -10*n + 584. What are the prime factors of j(-8)?
2, 83
Suppose 2*k - 81 = 5*c + 52, 5*k = -4*c + 415. Let j = k + -35. What are the prime factors of j?
2, 11
Suppose -x - f = -4*x + 166, -4 = -2*f. Let b = 94 - x. List the prime factors of b.
2, 19
Let w(g) = -g**2 - 15*g + 2. Suppose 0 = 10*m + m + 77. What are the prime factors of w(m)?
2, 29
Let j be 4/6 - (1 - 6/(-9)). What are the prime factors of 9/6*(j - (-181)/3)?
89
Let q(v) = -v**3 + 15*v**2 + 2*v - 12. Let r be q(15). Let t = r - -119. List the prime factors of t.
137
Suppose -5*y + 3*k = -878, -y - 4*k + 117 = -77. What are the prime factors of y?
2, 89
Suppose 0 = 3*k + 6 - 12. Suppose 0 = -k*n + n + 13. Let g(m) = -m**2 + 17*m - 8. List the prime factors of g(n).
2, 11
Let z = -2511 - -3665. What are the prime factors of z?
2, 577
Let h(b) = -2*b - 2. Let a be h(1). Let d = 28 - a. What are the prime factors of d?
2
Let u(v) = -69*v + 23. Let c be u(1). Let z be (-2 - (0 - 1)) + -86. Let p = c - z. What are the prime factors of p?
41
Let m = 3 + 2. Suppose 0 = 2*u + 1 - m. Suppose -28 = -4*v + u*v. What are the prime factors of v?
2, 7
What are the prime factors of 30/(-5) - 0 - -1996*1?
2, 5, 199
Let y(d) = 2*d**3 - 5*d**2 + 11*d - 4. What are the prime factors of y(7)?
2, 257
List the prime factors of 256 + (1 - (2 + 5)).
2, 5
Let d = -494 - -618. What are the prime factors of d?
2, 31
Suppose -25 = -40*j + 45*j. List the prime factors of j/(-20) - 182/(-8).
23
Let m be -2*156/15*(9 + -4). Let h = m + 202. What are the prime factors of h?
2, 7
Let i be (18/(-4))/(1/(-2)). Let y be i/5 - (-2)/10. Suppose 97 = 2*c + 3*o + 2*o, y*o - 140 = -3*c. List the prime factors of c.
2, 23
Let d(c) = -c**3 + 6*c**2 + 22. What are the prime factors of d(6)?
2, 11
Suppose 0*p + 48 = 4*p + 2*k, 2*k - 8 = 0. Let h(w) = 3*w + 12. What are the prime factors of h(p)?
2, 3, 7
Let n = 47 - 54. List the prime factors of -15*(-26)/7 - 2/n.
2, 7
Let p = 558 - 310. List the prime factors of p.
2, 31
Suppose n - 2147 = -v, -7*n + 2*n + 8588 = 4*v. What are the prime factors of v?
19, 113
Let q = 55 - 205. Let x = 243 + q. List the prime factors of x.
3, 31
Let y(v) = -17*v**3 + 3*v**2 + 3*v + 2. Let n be y(-2). Suppose 59*a - 84 = 31*a. Suppose a*h - n = -h. List the prime factors of h.
2, 3
Let n be (20/6)/(26/39). Let a(g) = 4 + 2 - 3*g - n + 8*g + 9*g**2 - g**3. What are the prime factors of a(9)?
2, 23
Let f(k) = 811*k**2 + k + 4. What are the prime factors of f(-1)?
2, 11, 37
List the prime factors of 547 - (1 - (6 + -11)).
541
Let s(h) = 2*h + 2. Let x be s(-9). List the prime factors of ((-72)/x)/(-3 - 0)*-26.
3, 13
Suppose -5*u + 1422 = 4*d, -477 + 1907 = 4*d + u. Let z = d - 147. List the prime factors of z.
211
Let q(x) = -x**3 - 5*x**2 + 4*x - 7. Let a be q(-6). Suppose -11 = -6*j - a. List the prime factors of j/(-3*1/(-9)).
3
Suppose -r + 322 = 62. What are the prime factors of r?
2, 5, 13
Let d(y) = -y**3 - 11*y**2 - 3*y - 4. Suppose 3*p = 9, 4*l + p - 13 = -54. List the prime factors of d(l).
29
Suppose -35*a + 1368 + 23167 = 0. What are the prime factors of a?
701
Let z(d) = 2*d - 18. Let a be z(9). Suppose a = 2*o - 18. What are the prime factors of o?
3
Let v(c) = -84*c - 27. List the prime factors of v(-2).
3, 47
Suppose 0 = -12*d + 14751 - 1251. List the prime factors of d.
3, 5
Suppose 0 = -0*o - 4*o. Let a be ((3 - 2)*o)/1. Suppose 3*n - 84 = -3*g, a = 2*g + 3*g - 5*n - 90. List the prime factors of g.
23
Suppose 0 = a + a - 4*s - 156, 4*s + 8 = 0. List the prime factors of a.
2, 37
Suppose 11374 = -23*a + 34*a. List the prime factors of a.
2, 11, 47
What are the prime factors of -27*3/(-15)*5?
3
Suppose 0 = -14*b + 15*b - 5. List the prime factors of 1/(b*(-3)/(-660)).
2, 11
Suppose -102 = -4*g - 5*j, 2*g - 4*j + 2*j = 60. Let h = g - 18. List the prime factors of h.
2, 5
List the prime factors of -2*((-4)/(-18) + 18890/(-36)).
1049
What are the prime factors of 8*244*1/(4/2)?
2, 61
Let v = 16 - 12. Suppose -v*b + 76 = 24. Let a = b - -18. List the prime factors of a.
31
Suppose 26*w = 40910 + 9322. What are the prime factors of w?
2, 3, 7, 23
Let r = 275 - 171. What are the prime factors of r?
2, 13
Let q = -187 - -4507. List the prime factors of q.
2, 3, 5
Let i = 67 + -179. What are the prime factors of (9/(-2))/3*i?
2, 3, 7
Let y(v) = -v + 25. Let g(z) = -10*z + 225. Let t(j) = -4*g(j) + 35*y(j). List the prime factors of t(16).
5, 11
Let s be (-61)/(-4) - (-27)/36. Suppose p + 0*f = 4*f + 14, -9 = 3*p + 5*f. Suppose 3*z + p*k = -2*k + 76, 0 = z - k - s. What are the prime factors of z?
2, 5
Let c(q) = 14*q + 847. What are the prime factors of c(0)?
7, 11
Let p(q) = -q**3 + q**2 + q + 11. Let m be p(0). Suppose 40 = m*z - 3*z. Suppose -f - 104 = -z*f. What are the prime factors of f?
2, 13
Suppose -2 = 2*y, 5*y - 4*y = 5*c - 11. Suppose 16 = 2*p + c. Suppose -p*a = -50 - 454. List the prime factors of a.
2, 3
Suppose -t - 56 = -4*j, 6*t + 42 = 3*j + t. Let o be -12 + j - (-1 - -1). Suppose -o*l = -4*l + 5*m + 144, l = -5*m + 42. List the prime factors of l.
2, 31
Let u = -241 + 375. Suppose -5*d - u = -1034. What are the prime factors of d?
2, 3, 5
Suppose -b + 49 = -3*l + 5, 0 = 2*b + 5*l - 143. Let q = b + -31. Suppose 4*r - 108 - q = 0. List the prime factors of r.
2, 17
Suppose 62810 = -9*s + 20*s. List the prime factors of s.
2, 5, 571
Let u = 970 + -969. Suppose 4 = 3*y - 2. Suppose 57 = y*i - u. What are the prime factors of i?
29
Let b = -42 - -71. What are the prime factors of b?
29
Let y = -91 + 114. Let q(l) = 9*l - 66. List the prime factors of q(y).
3, 47
Let j(k) = 116*k**2 - k. Let u(n) = n**3 - 14*n**2 - 15*n - 1. Let i be u(15). What are the prime factors of j(i)?
3, 13
List the prim